[05/07/2024 12:01:28], [file name :-/home/otrams/public_html/beta/book_now.php],UPDATE user_sessions_ip SET update_date = '2024-05-07 12:01:28' WHERE id= '843';
[05/07/2024 12:01:28], [file name :-/home/otrams/public_html/beta/book_now.php],INSERT INTO autogenerator_reservation (reservation_id, remote_id) VALUES ('1715083288','43.239.53.130');
[05/07/2024 12:01:47], [file name :-/home/otrams/public_html/beta/book_now.php],UPDATE user_sessions_ip SET update_date = '2024-05-07 12:01:47' WHERE id= '843';
[05/07/2024 12:01:47], [file name :-/home/otrams/public_html/beta/book_now.php],INSERT INTO autogenerator_reservation (reservation_id, remote_id) VALUES ('1715083307','43.239.53.130');
[05/07/2024 12:01:52], [file name :-/home/otrams/public_html/beta/book_now.php],UPDATE user_sessions_ip SET update_date = '2024-05-07 12:01:52' WHERE id= '843';
[05/07/2024 12:01:52], [file name :-/home/otrams/public_html/beta/book_now.php],INSERT INTO autogenerator_reservation (reservation_id, remote_id) VALUES ('1715083312','43.239.53.130');
[05/07/2024 12:02:33], [file name :-/home/otrams/public_html/beta/book_now.php],UPDATE user_sessions_ip SET update_date = '2024-05-07 12:02:33' WHERE id= '843';
[05/07/2024 12:02:33], [file name :-/home/otrams/public_html/beta/book_now.php],INSERT INTO autogenerator_reservation (reservation_id, remote_id) VALUES ('1715083353','43.239.53.130');
[05/07/2024 12:04:22], [file name :-/home/otrams/public_html/beta/book_now.php],UPDATE user_sessions_ip SET update_date = '2024-05-07 12:04:22' WHERE id= '843';
[05/07/2024 12:04:22], [file name :-/home/otrams/public_html/beta/book_now.php],INSERT INTO autogenerator_reservation (reservation_id, remote_id) VALUES ('1715083462','43.239.53.130');
[05/07/2024 12:05:49], [file name :-/home/otrams/public_html/beta/book_now.php],UPDATE user_sessions_ip SET update_date = '2024-05-07 12:05:49' WHERE id= '843';
[05/07/2024 12:05:49], [file name :-/home/otrams/public_html/beta/book_now.php],INSERT INTO autogenerator_reservation (reservation_id, remote_id) VALUES ('1715083549','43.239.53.130');
[05/07/2024 12:06:56], [file name :-/home/otrams/public_html/beta/agent_login.php],update agents set last_login_date = '2024-05-07 12:06:56',login_attempt=0 where id = '7867';
[05/07/2024 12:06:56], [file name :-/home/otrams/public_html/beta/agent_login.php],INSERT INTO psa_login_log  SET username = 'hotel_yards', user_type = 'A', branch_id = '32', login_datetime = '2024-05-07 12:06:56', ip = '43.239.53.130', action = 'Login' ;
[05/07/2024 12:06:56], [file name :-/home/otrams/public_html/beta/hotel_search.php],insert into user_sessions_ip SET ip_addr='43.239.53.130', agent_id='7867', session_id='36f60c63baf006b0a84f79c849091fb7db365ec14242567480992b40fe0b7b35',create_date='2024-05-07 12:06:56', update_date='2024-05-07 12:06:56',domain='beta.astrabookings.com',sub_agent_id='',sub_user_id='';
[05/07/2024 12:10:51], [file name :-/home/otrams/public_html/beta/book_now.php],UPDATE user_sessions_ip SET update_date = '2024-05-07 12:10:51' WHERE id= '843';
[05/07/2024 12:10:51], [file name :-/home/otrams/public_html/beta/book_now.php],INSERT INTO autogenerator_reservation (reservation_id, remote_id) VALUES ('1715083851','43.239.53.130');
[05/07/2024 12:11:21], [file name :-/home/otrams/public_html/beta/book_now.php],UPDATE user_sessions_ip SET update_date = '2024-05-07 12:11:21' WHERE id= '843';
[05/07/2024 12:11:21], [file name :-/home/otrams/public_html/beta/book_now.php],INSERT INTO autogenerator_reservation (reservation_id, remote_id) VALUES ('1715083881','43.239.53.130');
[05/07/2024 12:11:21], [file name :-/home/otrams/public_html/beta/confirm_booking.php],UPDATE user_sessions_ip SET update_date = '2024-05-07 12:11:21' WHERE id= '843';
[05/07/2024 12:11:22], [file name :-/home/otrams/public_html/beta/confirm_booking.php], insert into bookings set  source_type = 'expediapackage', reservation_id = '4417', create_date = '2024-05-07 12:11:22', agent_id = '7864', parent_agent_id = '7864', agent_ref_no = '', nationality = 'Indian', city_id = 'dubai', country_id = '138', current_status = 'inprocess-booking', booking_branch_id = '28', is_xml = '0', display_room_rate = '2640.51', display_currency_code = 'INR', native_room_rate = '43.88', native_currency_code = 'USD', supplier_profile_id = '43', service_type = 'hotel', service_date = '2024/05/08', check_out_date = '2024/05/09', sub_user_id = '', booking_status = '1', leader_title = 'Mr', leader_first_name = 'jhef', leader_last_name = 'ebf', status_date = '2024-05-07 12:11:22';
[05/07/2024 12:11:22], [file name :-/home/otrams/public_html/beta/confirm_booking.php],INSERT INTO external_mapping_data_tracking (booking_id,search_hotel_name,booked_hotel_name_supplier,hotel_id,master_id,city_id,supplier,date) VALUES ('595','NIHAL HOTEL','Nihal Hotel','1723385','OT000071191','dubai','expediapackage',NOW());
[05/07/2024 12:11:22], [file name :-/home/otrams/public_html/beta/confirm_booking.php],UPDATE
		bookings
		SET
		booking_branch_id= '28'
		WHERE
		id='595'
		;
[05/07/2024 12:11:22], [file name :-/home/otrams/public_html/beta/confirm_booking.php],insert into bookings_details(booking_id,reservation_id,supplier_id,total_rooms,total_adults,total_children,total_infants,rate_description ,rate_code,hotel_id,hotel_name,hotel_address1,hotel_phone,hotel_rating,total_nights,arrival_date,departure_date,room_rate_code,hotel_img)values('595','4417','','1','2','0','-','','','1723385','Nihal Hotel','Between Al Rigga and Al Maktoum Road','+97142957666','3.0','1','2024/05/08','2024/05/09','','https://beta.astrabookings.com//cpfv3/images/?image=aHR0cHM6Ly9pLnRyYXZlbGFwaS5jb20vaG90ZWxzLzIwMDAwMDAvMTczMDAwMC8xNzIzNDAwLzE3MjMzODUvZWI1MTRhNTdfYi5qcGc=');
[05/07/2024 12:11:22], [file name :-/home/otrams/public_html/beta/confirm_booking.php], insert into booking_room_detail set  booking_id = '595', booking_detail_id = '1', room_type_code = '', room_name = 'double', room_type_description = 'TwinBed Deluxe Room(Room Only)- <font color=\'red\'>Package Deal</font> <br>(2 Twin Beds)', display_nightly_rates = 'a:1:{i:0;a:2:{s:18:"displayNightlyRate";d:2640.5100000000002;s:25:"displayNightlyRateDisplay";s:154:"Rate - 43.88,Currency Multiplier(USD-INR) - 60.1758, Markup - 0% , Supplier Commission - 2.64 USD, Marketing Fee - 2.64  USD Discount - 0  #expediapackage";}}', native_nightly_rates = 'a:1:{i:0;a:1:{s:17:"nativeNightlyRate";d:43.880000000000003;}}', native_room_rate_total = '43.88', display_room_rate_total = '2640.51', number_of_rooms = '1', room_category = 'TwinBed Deluxe Room(Room Only)- <font color=\'red\'>Package Deal</font> <br>(2 Twin Beds)', meal_basis = 'Room Only';
[05/07/2024 12:11:22], [file name :-/home/otrams/public_html/beta/confirm_booking.php], insert into passangers set  booking_id = '595', booking_detail_id = '1', rid = '362', room = '0', salutations = 'Mr', first_name = 'jhef', last_name = 'ebf', passenger_type = 'adult', age = '';
[05/07/2024 12:11:22], [file name :-/home/otrams/public_html/beta/confirm_booking.php], insert into passangers set  booking_id = '595', booking_detail_id = '1', rid = '362', room = '0', salutations = 'Mr', first_name = 'TBAA', last_name = 'TBAA', passenger_type = 'adult', age = '';
[05/07/2024 12:11:23], [file name :-/home/otrams/public_html/beta/confirm_booking.php],INSERT INTO xmllogs(reservation_id, type, request_path, response_path, header_path, source_type, create_date, header, session_id, agent_logs_id)
                VALUE ('', 'reservation', 'e1p/07_05_2024/request_reservation_being_gajju_1597_1715083882_53.json', 'e1p/07_05_2024/response_reservation_being_gajju_1597_1715083882_53.json', 'e1p/07_05_2024/response_header_reservation_being_gajju_1597_1715083882_53.json', 'expediapackage', '2024-05-07 12:11:23', '', '50bd3c356ff354af4551cf1528d8ee0579298d5315a6c6022cc740d0f595e3d6', '1597');
[05/07/2024 12:11:23], [file name :-/home/otrams/public_html/beta/confirm_booking.php],update bookings set  special_remark = '', itenirary_id = '7852123456224', confirmation_number = '7852123456224', display_discount = '0', cancellation_policy = 'Free cancellation up to  17:29:21 on  2024-05-05<br>If you cancel between 2024-05-05 17:29:22 and 2024-05-08 00:00:00 , you will be charged 2640.51 INR<br>No show is subject to a 100 % cancellation charge<br><br/><b>Amendment Policy</b><br/>
		Please note that most hotels treat changes in pax details, room category and dates as a cancellation of the booking, and charges will apply according to the cancellation policy.
		Late amendment charges may apply if requested after 17:29 on 5th of May 2024.
		Confirmation of amendments is subject to availability and rates at the time of making the amendment.', supplier_cancellation_policy = '', current_status = 'confirmed', expiration_date = '2024-05-05 12:00:00', comment_contract = ' Bed Type Selection is not guaranteed.<br/><span style=\'color: red;\'><strong>Note</strong>: Nightly rates might be calculated based on the average of Total Rate</span><br/><br/><br/><b style=\'color:#2748a3;\'>Property fee due at property 9.99 AED (2.72 USD)</b><br/><span style=\'color: red;\'><strong>Note:</strong> *This conversion is an approximate price based on the current exchange rate and may change before your stay.</span><br/><br/><br/><b>Checkin Start Time :</b> 2:00 PM, <br/><b>Checkin End Time :</b> 11:30 PM, <br/><b>Min Checkin Age :</b> 18, <br/><b>Checkout Time :</b> 12:00 PM,<br/><b>Instructions :</b>   Extra-person charges may apply and vary depending on property policyGovernment-issued photo identification and a credit card, debit card, or cash deposit may be required at check-in for incidental chargesSpecial requests are subject to availability upon check-in and may incur additional charges; special requests cannot be guaranteedThe name on the credit card used at check-in to pay for incidentals must be the primary name on the guestroom reservationThis property accepts credit cards and cashSafety features at this property include a fire extinguisher, a smoke detector, and a security system  ,<br/><b>Special Instructions :</b> This property offers transfers from the airport (surcharges may apply). Guests must contact the property with arrival details before travel, using the contact information on the booking confirmation. This property doesn\'t offer after-hours check-in. Front desk staff will greet guests on arrival.,<br/>The minimum age for a customer to be able to check-in at a property 18.                            <br/><b>Mandatory Fees:</b> You\'ll be asked to pay the following charges at the property: A tax is imposed by the city: AED 10.00 per accommodation, per night We have included all charges provided to us by the property. ,<br/><b>Optional Fees:</b>  Fee for buffet breakfast: approximately AED 35 per personAirport shuttle fee: AED 70 per vehicle (one-way, maximum occupancy 4)Self parking fee: AED 48 per dayRollaway bed fee: AED 100.0 per stay The above list may not be comprehensive. Fees and deposits may not include tax and are subject to change. ,<br/><b>Know Before You Go :</b></br>  The property has connecting/adjoining rooms, which are subject to availability and can be requested by contacting the property using the number on the booking confirmation.  ,</br></br><b>Sanitization General Information :</b></br>1-Professional property host/manager <b></b><br/>2-Property confirms they are implementing guest safety measures <b></b><br/>3-Temperature checks are available to guests <b></b><br/>4-Social distancing measures are in place <b></b><br/>5-Staff temperature checks are conducted regularly <b></b><br/>6-Property confirms they are implementing enhanced cleaning measures <b></b><br/>7-Guests are provided with free hand sanitizer <b></b><br/>8-Property is cleaned with disinfectant <b></b><br/>9-Staff wears personal protective equipment <b></b><br/>10-Bed sheets and towels are washed at a temperature of at least 60°C/140°F <b></b><br/>11-Masks are available to guests <b></b><br/>12-Protective clothing is available to guests <b></b><br/>13-Essential workers only - NO <b></b><br/>14-Gloves are available to guests <b></b><br/>15-Commonly-touched surfaces are cleaned with disinfectant <b></b><br/><b>Important Note :</b> Agent agree that this rate is being sold with approved transport component.', consultant_id = 'SUJAY_QTECH', sales_manager_id = '0', admin_booked = '1', email_id = 'spr@gmail.com', leader_phone = '9987204292', agent_currency_multiplier = '1.00000', ip_addr = '43.239.53.130', comment_contract = ' Bed Type Selection is not guaranteed.<br/><span style=\'color: red;\'><strong>Note</strong>: Nightly rates might be calculated based on the average of Total Rate</span><br/><br/><br/><b style=\'color:#2748a3;\'>Property fee due at property 9.99 AED (2.72 USD)</b><br/><span style=\'color: red;\'><strong>Note:</strong> *This conversion is an approximate price based on the current exchange rate and may change before your stay.</span><br/><br/><br/><b>Checkin Start Time :</b> 2:00 PM, <br/><b>Checkin End Time :</b> 11:30 PM, <br/><b>Min Checkin Age :</b> 18, <br/><b>Checkout Time :</b> 12:00 PM,<br/><b>Instructions :</b>   Extra-person charges may apply and vary depending on property policyGovernment-issued photo identification and a credit card, debit card, or cash deposit may be required at check-in for incidental chargesSpecial requests are subject to availability upon check-in and may incur additional charges; special requests cannot be guaranteedThe name on the credit card used at check-in to pay for incidentals must be the primary name on the guestroom reservationThis property accepts credit cards and cashSafety features at this property include a fire extinguisher, a smoke detector, and a security system  ,<br/><b>Special Instructions :</b> This property offers transfers from the airport (surcharges may apply). Guests must contact the property with arrival details before travel, using the contact information on the booking confirmation. This property doesn\'t offer after-hours check-in. Front desk staff will greet guests on arrival.,<br/>The minimum age for a customer to be able to check-in at a property 18.                            <br/><b>Mandatory Fees:</b> You\'ll be asked to pay the following charges at the property: A tax is imposed by the city: AED 10.00 per accommodation, per night We have included all charges provided to us by the property. ,<br/><b>Optional Fees:</b>  Fee for buffet breakfast: approximately AED 35 per personAirport shuttle fee: AED 70 per vehicle (one-way, maximum occupancy 4)Self parking fee: AED 48 per dayRollaway bed fee: AED 100.0 per stay The above list may not be comprehensive. Fees and deposits may not include tax and are subject to change. ,<br/><b>Know Before You Go :</b></br>  The property has connecting/adjoining rooms, which are subject to availability and can be requested by contacting the property using the number on the booking confirmation.  ,</br></br><b>Sanitization General Information :</b></br>1-Professional property host/manager <b></b><br/>2-Property confirms they are implementing guest safety measures <b></b><br/>3-Temperature checks are available to guests <b></b><br/>4-Social distancing measures are in place <b></b><br/>5-Staff temperature checks are conducted regularly <b></b><br/>6-Property confirms they are implementing enhanced cleaning measures <b></b><br/>7-Guests are provided with free hand sanitizer <b></b><br/>8-Property is cleaned with disinfectant <b></b><br/>9-Staff wears personal protective equipment <b></b><br/>10-Bed sheets and towels are washed at a temperature of at least 60°C/140°F <b></b><br/>11-Masks are available to guests <b></b><br/>12-Protective clothing is available to guests <b></b><br/>13-Essential workers only - NO <b></b><br/>14-Gloves are available to guests <b></b><br/>15-Commonly-touched surfaces are cleaned with disinfectant <b></b><br/><b>Important Note :</b> Agent agree that this rate is being sold with approved transport component.', backoffice_user = 'v3alpha', customer_id = '', applied_multiplier='60.1758',  applied_markup='0',  agent_markup='0',  basecurrency_multiplier='0.01662',  basecurrency_multiplier_native='1.00000',  parent_agent_id='7864',  sub_agent_rate='0',  agent_rate='2640.51',  applicable_service_tax='0',  supplier_rate='43.88',  uid='ab202ab0de4f1927324f8fa47f72624a'  where id='595';
[05/07/2024 12:11:23], [file name :-/home/otrams/public_html/beta/confirm_booking.php],update bookings_details set touricoRoomResId ='', gta_item_confirm_ref='' , special_request='' where booking_id ='595';
[05/07/2024 12:11:23], [file name :-/home/otrams/public_html/beta/confirm_booking.php], INSERT INTO booking_special_request set booking_id = '595' , sr_id = '1' ;
[05/07/2024 12:11:23], [file name :-/home/otrams/public_html/beta/confirm_booking.php],insert into booking_lat_long(booking_id,latitude,longitude) values ('595','25.260165307468','55.324518568122');
[05/07/2024 12:11:23], [file name :-/home/otrams/public_html/beta/confirm_booking.php],insert into `user_logs` set `username`= 'being_gajju',`create_date`= '2024-05-07 12:11:23',`log_type`= 'Loyalty Tier Accumulated Points',`sql_query`= 'select id,current_status,display_currency_code,agent_rate,sub_agent_rate,display_room_rate,wh_agent_rate,wh_sub_agent_rate  from bookings where id=\&#039;595\&#039;',`log_description`= 'Loyalty Accumulated Points :0 Added For Booking ID -595 And Booking Status - confirmed',`ip`= '43.239.53.130';
[05/07/2024 12:11:23], [file name :-/home/otrams/public_html/beta/confirm_booking.php],insert into user_log_link Set `user_logs_id`='3333', `entity`='BookingId', `value`='595' ;
[05/07/2024 12:11:23], [file name :-/home/otrams/public_html/beta/confirm_booking.php],update bookings set invoice_number= 'INV07052400005', voucher_id='123',status_date='2024-05-07 12:11:23',current_status='vouchered',voucher_hashcode='c3ecb91cb8aaa6226f35eb77ac500f2086517595',vouchered_by ='' where id='595';
[05/07/2024 12:11:23], [file name :-/home/otrams/public_html/beta/confirm_booking.php],update bookings set is_invoiced='yes',invoice_number= 'INV07052400005' where id='595' and is_invoiced!='yes';
[05/07/2024 12:11:23], [file name :-/home/otrams/public_html/beta/confirm_booking.php],UPDATE agents SET credit_usage=credit_usage+('2640.51'),   credit_value= credit_value-('2640.51') ,  cd_credit_usage=cd_credit_usage+('2640.51') , cd_credit_value=cd_credit_value-('2640.51')  WHERE id = '7864';
[05/07/2024 12:11:23], [file name :-/home/otrams/public_html/beta/confirm_booking.php],insert into  agent_credit_log SET agent_id= '7864',credit_value= '1992652.530',credit_usage= '7347.470',credit_limit= '2000000.000',receipt_id= '',amount= '2640.51',booking_id='595',booking_cost= '2640.51',receipt_allocation= '',balance= '2640.51',ip='43.239.53.130',user_type='User',admin_id='Agent - Gajendra singh Rajpurohit(CD7864)',temp_credit_limit='',log_type='Add Invoice',note='Add Invoice',create_date='2024-05-07 12:05:23';
[05/07/2024 12:11:23], [file name :-/home/otrams/public_html/beta/confirm_booking.php], insert into booking_rate_info set  booking_id = '595', booking_log = 'Booking Vouchered', create_date = '2024-05-07 12:11:23', supplier_currency ='USD', type = 'Sale', agent_price = '2640.51', sub_agent_price ='', supplier_price = '43.880', supplier_id = 'expediapackage', supplier_type = 'online';
[05/07/2024 12:11:25], [file name :-/home/otrams/public_html/beta/confirm_booking.php],INSERT INTO booking_status (visa_id,visa_status,booking_id,status,create_date,memo,agent_id,ip_address,admin,modify_by,crons) VALUES
		('','','595','vouchered-invoiced','2024-05-07 12:11:25','Booking invoiced by Back Office v3alpha on behalf of Agent - Gajendra singh Rajpurohit(CD7864)','7864','43.239.53.130','','','');
[05/07/2024 12:11:25], [file name :-/home/otrams/public_html/beta/confirm_booking.php],INSERT INTO agent_commission SET booking_id ='595',booking_detail_id ='595',agent_id ='7864',is_sub_agent ='N',parent_id ='',display_commission ='0',display_currency ='INR',paid ='N',type ='hotel',description ='Agent Mark Up Percentage is 0 %',create_date ='2024-05-07 12:11:25';
[05/07/2024 12:11:25], [file name :-/home/otrams/public_html/beta/confirm_booking.php],INSERT INTO booking_status (visa_id,visa_status,booking_id,status,create_date,memo,agent_id,ip_address,admin,modify_by,crons) VALUES
		('','','595','vouchered','2024-05-07 12:11:25','Voucherd by Back Office v3alpha on behalf of Agent - Gajendra singh Rajpurohit(CD7864)','7864','43.239.53.130','','','');
[05/07/2024 12:11:26], [file name :-/home/otrams/public_html/beta/confirm_booking.php],insert into temp(booking_id,mail_send_to)values('595','gajju@travelbuggy.com');
[05/07/2024 12:11:26], [file name :-/home/otrams/public_html/beta/confirm_booking.php],insert into temp(booking_id,mail_send_to)values('595','Sujay.raut@qtechsoftware.com');
[05/07/2024 12:11:26], [file name :-/home/otrams/public_html/beta/confirm_booking.php],insert into temp(booking_id,mail_send_to)values('595','gajendra.rajpurohit_test@qtechsoftware.com');
[05/07/2024 12:11:27], [file name :-/home/otrams/public_html/beta/confirm_booking.php],insert into temp(booking_id,mail_send_to)values('595','sujay.raut@qtechsoftware.com');
[05/07/2024 12:11:27], [file name :-/home/otrams/public_html/beta/confirm_booking.php],INSERT INTO booking_status (reservation_id,booking_id,status,create_date,memo,agent_id,ip_address,admin,modify_by) VALUES ('4417','595','confirmed','2024-05-07 12:11:23','Booking confirmed. Booked by Back Office v3alpha on behalf of Agent - Gajendra singh Rajpurohit(CD7864)','7864','43.239.53.130','0','7864');
[05/07/2024 12:11:27], [file name :-/home/otrams/public_html/beta/confirm_booking.php],INSERT INTO booking_cancellation_policy(booking_id,from_date,supplier_from_date,to_date,supplier_to_date,supplier_charge,agent_charge,lead_time,create_date,applied_agent_charges)  VALUES('595','2024-05-05 17:29:22','2024-05-05 17:29:22','2024-05-08 00:00:00','2024-05-08 00:00:00','43.88','2640.51','0','2024-05-07 12:11:27','2640.51');
[05/07/2024 12:11:27], [file name :-/home/otrams/public_html/beta/confirm_booking.php],update posted_bookings set booking_id='595',status='1' where reservation_id='4417' and booking_id ='0';
[05/07/2024 12:11:27], [file name :-/home/otrams/public_html/beta/confirm_booking.php],update xmllogs set reservation_id='595' where agent_logs_id='1597' and source_type='expediapackage';
[05/07/2024 12:11:27], [file name :-/home/otrams/public_html/beta/confirm_booking.php],INSERT INTO booking_commission set agent_commission='',  supplier_commission='2.64',  commission_tax='',  booking_id ='595',  supplier_tax='8.38',  supplier_base_fare='35.5',  supplier_commissionable_fare='2.64'able_fare,  retension='100',  commission_percent='0',  create_date ='2024-05-07 12:11:27';
[05/07/2024 12:11:45], [file name :-/home/otrams/public_html/beta/book_now.php],UPDATE user_sessions_ip SET update_date = '2024-05-07 12:11:45' WHERE id= '843';
[05/07/2024 12:11:45], [file name :-/home/otrams/public_html/beta/book_now.php],INSERT INTO autogenerator_reservation (reservation_id, remote_id) VALUES ('1715083905','43.239.53.130');
[05/07/2024 12:11:46], [file name :-/home/otrams/public_html/beta/book_now.php],INSERT INTO xmllogs(reservation_id, type, request_path, response_path, header_path, source_type, create_date, header, session_id, agent_logs_id)
                VALUE ('', 'valuation', 'e1p/07_05_2024/request_valuation_being_gajju_1597_1715083905_69.json', 'e1p/07_05_2024/response_valuation_being_gajju_1597_1715083905_69.json', 'e1p/07_05_2024/response_header_valuation_being_gajju_1597_1715083905_69.json', 'expediapackage', '2024-05-07 12:11:46', '', '50bd3c356ff354af4551cf1528d8ee0579298d5315a6c6022cc740d0f595e3d6', '1597');
[05/07/2024 12:12:24], [file name :-/home/otrams/public_html/beta/book_now.php],UPDATE user_sessions_ip SET update_date = '2024-05-07 12:12:24' WHERE id= '843';
[05/07/2024 12:12:24], [file name :-/home/otrams/public_html/beta/book_now.php],INSERT INTO autogenerator_reservation (reservation_id, remote_id) VALUES ('1715083944','43.239.53.130');
[05/07/2024 12:12:24], [file name :-/home/otrams/public_html/beta/book_now.php],INSERT INTO xmllogs(reservation_id, type, request_path, response_path, header_path, source_type, create_date, header, session_id, agent_logs_id)
                VALUE ('', 'valuation', 'e1p/07_05_2024/request_valuation_being_gajju_1597_1715083944_16.json', 'e1p/07_05_2024/response_valuation_being_gajju_1597_1715083944_16.json', 'e1p/07_05_2024/response_header_valuation_being_gajju_1597_1715083944_16.json', 'expediapackage', '2024-05-07 12:12:24', '', '50bd3c356ff354af4551cf1528d8ee0579298d5315a6c6022cc740d0f595e3d6', '1597');
[05/07/2024 12:12:32], [file name :-/home/otrams/public_html/beta/agent_login.php],UPDATE user_sessions_ip SET update_date = '2024-05-07 12:12:32' WHERE id= '843';
[05/07/2024 12:12:32], [file name :-/home/otrams/public_html/beta/agent_login.php],update agents set last_login_date = '2024-05-07 12:12:32',login_attempt=0 where id = '7864';
[05/07/2024 12:12:32], [file name :-/home/otrams/public_html/beta/agent_login.php],INSERT INTO psa_login_log  SET username = 'being_gajju', user_type = 'A', branch_id = '28', login_datetime = '2024-05-07 12:12:32', ip = '43.239.53.130', action = 'Login' ;
[05/07/2024 12:12:32], [file name :-/home/otrams/public_html/beta/hotel_search.php],UPDATE user_sessions_ip SET update_date = '2024-05-07 12:12:32' WHERE id= '843';
[05/07/2024 12:12:36], [file name :-/home/otrams/public_html/beta/get_city_list.php],UPDATE user_sessions_ip SET update_date = '2024-05-07 12:12:36' WHERE id= '843';
[05/07/2024 12:12:39], [file name :-/home/otrams/public_html/beta/hotel_search_list.php],UPDATE user_sessions_ip SET update_date = '2024-05-07 12:12:39' WHERE id= '843';
[05/07/2024 12:12:39], [file name :-/home/otrams/public_html/beta/hotel_search_list.php],INSERT INTO agent_logs SET  agent_id = '7864' , sub_agent_id = '' , sub_user_id = '0' , branch_id = '28' , ip = '43.239.53.130' , city = 'dubai' , service_name = '' , country_of_residence = '106' , service_type = 'hotel' , arrival_date = '2024/05/08' , departure_date = '2024/05/09' , nights = '1' , nationality = '106' , room_types = '2' , room_type='[{"numberOfAdults":2}]' , available='0' , create_date = '2024-05-07 12:12:39' , site_id = '' , country_code = '138' , city_code = '71649' , ratings = '3.0,4.0,5.0,SC' , selected_currency = 'INR' , currency_code = 'INR' , web_service = '' ;
[05/07/2024 12:12:40], [file name :-/home/otrams/public_html/beta/xml_all.php],UPDATE user_sessions_ip SET update_date = '2024-05-07 12:12:40' WHERE id= '843';
[05/07/2024 12:12:41], [file name :-/home/otrams/public_html/beta/call.php],INSERT INTO xmllogs(reservation_id, type, request_path, response_path, header_path, source_type, create_date, header, session_id, agent_logs_id)
                VALUE ('', 'availability', '/request_placeholder.xml', '/response_placeholder.xml', '/response_header_placeholder.xml', 'localsystem', '2024-05-07 12:12:41', '', '50bd3c356ff354af4551cf1528d8ee0579298d5315a6c6022cc740d0f595e3d6', '1598');
[05/07/2024 12:12:41], [file name :-/home/otrams/public_html/beta/call.php],INSERT INTO xmllogs SET
            type = 'ERROR'
            , http_hit_time = '2024-05-07 12:12:41.251'
            , total_duration = '0.053'
            , hotel_count = 0
            , source_type = 'hotelbeds'
            , create_date = '2024-05-07 12:12:41'
            , session_id = '50bd3c356ff354af4551cf1528d8ee0579298d5315a6c6022cc740d0f595e3d6'
            , agent_logs_id = '1598'
            , error_description = ''
            , memory_used = '2035288';
[05/07/2024 12:12:41], [file name :-/home/otrams/public_html/beta/call.php],INSERT INTO xmllogs SET
            type = 'ERROR'
            , http_hit_time = '2024-05-07 12:12:41.262'
            , total_duration = '0.062'
            , hotel_count = 0
            , source_type = 'hotelbeds'
            , create_date = '2024-05-07 12:12:41'
            , session_id = '50bd3c356ff354af4551cf1528d8ee0579298d5315a6c6022cc740d0f595e3d6'
            , agent_logs_id = '1598'
            , error_description = ''
            , memory_used = '2035288';
[05/07/2024 12:12:41], [file name :-/home/otrams/public_html/beta/call.php],INSERT INTO xmllogs SET
            type = 'ERROR'
            , http_hit_time = '2024-05-07 12:12:41.253'
            , total_duration = '0.088'
            , hotel_count = 0
            , source_type = 'hotelbeds'
            , create_date = '2024-05-07 12:12:41'
            , session_id = '50bd3c356ff354af4551cf1528d8ee0579298d5315a6c6022cc740d0f595e3d6'
            , agent_logs_id = '1598'
            , error_description = ''
            , memory_used = '2035288';
[05/07/2024 12:12:41], [file name :-/home/otrams/public_html/beta/call.php],INSERT INTO xmllogs SET
            type = 'ERROR'
            , http_hit_time = '2024-05-07 12:12:41.257'
            , total_duration = '0.089'
            , hotel_count = 0
            , source_type = 'hotelbeds'
            , create_date = '2024-05-07 12:12:41'
            , session_id = '50bd3c356ff354af4551cf1528d8ee0579298d5315a6c6022cc740d0f595e3d6'
            , agent_logs_id = '1598'
            , error_description = ''
            , memory_used = '2035288';
[05/07/2024 12:12:41], [file name :-/home/otrams/public_html/beta/call.php],INSERT INTO xmllogs SET
            type = 'ERROR'
            , http_hit_time = '2024-05-07 12:12:41.256'
            , total_duration = '0.123'
            , hotel_count = 0
            , source_type = 'hotelbeds'
            , create_date = '2024-05-07 12:12:41'
            , session_id = '50bd3c356ff354af4551cf1528d8ee0579298d5315a6c6022cc740d0f595e3d6'
            , agent_logs_id = '1598'
            , error_description = ''
            , memory_used = '2035288';
[05/07/2024 12:12:41], [file name :-/home/otrams/public_html/beta/call.php],UPDATE xmllogs SET
        hotel_count = ''
        , request_url = '/call.php?s=localsystem&sessionid=50bd3c356ff354af4551cf1528d8ee0579298d5315a6c6022cc740d0f595e3d6&xml_user_id=7864&request_no=0&local_hotel_code=5&#039;,&#039;6&web_service=no&site_id=&save_log=yes'
        , http_hit_time = '2024-05-07 12:12:41.257'
        , request_start_time = '0.032'
        , parsing_start_time = '0.029'
        , mapping_complete_time = '0.091'
        , mongo_start_time = '0.102'
        , search_end_time = '0.000'
        , total_duration = '0.186'
        , error_description = ''
        , memory_used = '1632072'
        WHERE id = '541183';
[05/07/2024 12:12:41], [file name :-/home/otrams/public_html/beta/call.php],INSERT INTO xmllogs SET
            type = 'ERROR'
            , http_hit_time = '2024-05-07 12:12:41.251'
            , total_duration = '0.199'
            , hotel_count = 0
            , source_type = 'hotelbeds'
            , create_date = '2024-05-07 12:12:41'
            , session_id = '50bd3c356ff354af4551cf1528d8ee0579298d5315a6c6022cc740d0f595e3d6'
            , agent_logs_id = '1598'
            , error_description = ''
            , memory_used = '2035288';
[05/07/2024 12:12:41], [file name :-/home/otrams/public_html/beta/call.php],INSERT INTO xmllogs(reservation_id, type, request_path, response_path, header_path, source_type, create_date, header, session_id, agent_logs_id)
                VALUE ('', 'availability', 'e1p/07_05_2024/request_availability_being_gajju_1598_1715083961_65.json', 'e1p/07_05_2024/response_availability_being_gajju_1598_1715083961_65.json', 'e1p/07_05_2024/response_header_availability_being_gajju_1598_1715083961_65.json', 'expediapackage', '2024-05-07 12:12:41', '', '50bd3c356ff354af4551cf1528d8ee0579298d5315a6c6022cc740d0f595e3d6', '1598');
[05/07/2024 12:12:41], [file name :-/home/otrams/public_html/beta/call.php],UPDATE xmllogs SET
        hotel_count = ''
        , request_url = '/call.php?s=expediapackage&sessionid=50bd3c356ff354af4551cf1528d8ee0579298d5315a6c6022cc740d0f595e3d6&xml_user_id=7864&db_caching=1&erequest=2&total_request=3&web_service=no&site_id=&save_log=yes&ip=43.239.53.130&browser=GoogleChrome%2F121.0.0.0%28linux%29&hotels_ids=&expediaRapidApi=&agent_country=106'
        , http_hit_time = '2024-05-07 12:12:41.256'
        , request_start_time = '0.055'
        , parsing_start_time = '0.202'
        , mapping_complete_time = '0.002'
        , mongo_start_time = '0.000'
        , search_end_time = '0.000'
        , total_duration = '0.294'
        , error_description = ''
        , memory_used = '1352040'
        WHERE id = '541190';
[05/07/2024 12:12:41], [file name :-/home/otrams/public_html/beta/call.php],INSERT INTO xmllogs(reservation_id, type, request_path, response_path, header_path, source_type, create_date, header, session_id, agent_logs_id)
                VALUE ('', 'availability', 'e1/07_05_2024/request_availability_being_gajju_1598_1715083961_26.json', 'e1/07_05_2024/response_availability_being_gajju_1598_1715083961_26.json', 'e1/07_05_2024/response_header_availability_being_gajju_1598_1715083961_26.json', 'expedia', '2024-05-07 12:12:41', '', '50bd3c356ff354af4551cf1528d8ee0579298d5315a6c6022cc740d0f595e3d6', '1598');
[05/07/2024 12:12:41], [file name :-/home/otrams/public_html/beta/call.php],UPDATE xmllogs SET
        hotel_count = ''
        , request_url = '/call.php?s=expedia&sessionid=50bd3c356ff354af4551cf1528d8ee0579298d5315a6c6022cc740d0f595e3d6&xml_user_id=7864&db_caching=1&erequest=2&total_request=3&web_service=no&site_id=&save_log=yes&ip=43.239.53.130&browser=GoogleChrome%2F121.0.0.0%28linux%29&hotels_ids=&expediaRapidApi=&agent_country=106'
        , http_hit_time = '2024-05-07 12:12:41.260'
        , request_start_time = '0.039'
        , parsing_start_time = '0.387'
        , mapping_complete_time = '0.002'
        , mongo_start_time = '0.000'
        , search_end_time = '0.000'
        , total_duration = '0.472'
        , error_description = ''
        , memory_used = '1352136'
        WHERE id = '541191';
[05/07/2024 12:12:42], [file name :-/home/otrams/public_html/beta/call.php],INSERT INTO xmllogs(reservation_id, type, request_path, response_path, header_path, source_type, create_date, header, session_id, agent_logs_id)
                VALUE ('', 'availability', 'e1/07_05_2024/request_availability_being_gajju_1598_1715083961_2.json', 'e1/07_05_2024/response_availability_being_gajju_1598_1715083961_2.json', 'e1/07_05_2024/response_header_availability_being_gajju_1598_1715083961_2.json', 'expedia', '2024-05-07 12:12:42', '', '50bd3c356ff354af4551cf1528d8ee0579298d5315a6c6022cc740d0f595e3d6', '1598');
[05/07/2024 12:12:42], [file name :-/home/otrams/public_html/beta/call.php],INSERT INTO xmllogs(reservation_id, type, request_path, response_path, header_path, source_type, create_date, header, session_id, agent_logs_id)
                VALUE ('', 'availability', 'e1/07_05_2024/request_availability_being_gajju_1598_1715083961_32.json', 'e1/07_05_2024/response_availability_being_gajju_1598_1715083961_32.json', 'e1/07_05_2024/response_header_availability_being_gajju_1598_1715083961_32.json', 'expedia', '2024-05-07 12:12:42', '', '50bd3c356ff354af4551cf1528d8ee0579298d5315a6c6022cc740d0f595e3d6', '1598');
[05/07/2024 12:12:42], [file name :-/home/otrams/public_html/beta/call.php],INSERT INTO xmllogs(reservation_id, type, request_path, response_path, header_path, source_type, create_date, header, session_id, agent_logs_id)
                VALUE ('', 'availability', 'e1p/07_05_2024/request_availability_being_gajju_1598_1715083961_87.json', 'e1p/07_05_2024/response_availability_being_gajju_1598_1715083961_87.json', 'e1p/07_05_2024/response_header_availability_being_gajju_1598_1715083961_87.json', 'expediapackage', '2024-05-07 12:12:42', '', '50bd3c356ff354af4551cf1528d8ee0579298d5315a6c6022cc740d0f595e3d6', '1598');
[05/07/2024 12:12:42], [file name :-/home/otrams/public_html/beta/call.php],INSERT INTO xmllogs(reservation_id, type, request_path, response_path, header_path, source_type, create_date, header, session_id, agent_logs_id)
                VALUE ('', 'availability', 'e1p/07_05_2024/request_availability_being_gajju_1598_1715083961_86.json', 'e1p/07_05_2024/response_availability_being_gajju_1598_1715083961_86.json', 'e1p/07_05_2024/response_header_availability_being_gajju_1598_1715083961_86.json', 'expediapackage', '2024-05-07 12:12:42', '', '50bd3c356ff354af4551cf1528d8ee0579298d5315a6c6022cc740d0f595e3d6', '1598');
[05/07/2024 12:12:47], [file name :-/home/otrams/public_html/beta/call.php],UPDATE xmllogs SET
        hotel_count = '142'
        , request_url = '/call.php?s=expedia&sessionid=50bd3c356ff354af4551cf1528d8ee0579298d5315a6c6022cc740d0f595e3d6&xml_user_id=7864&db_caching=1&erequest=1&total_request=3&web_service=no&site_id=&save_log=yes&ip=43.239.53.130&browser=GoogleChrome%2F121.0.0.0%28linux%29&hotels_ids=&expediaRapidApi=&agent_country=106'
        , http_hit_time = '2024-05-07 12:12:41.253'
        , request_start_time = '0.033'
        , parsing_start_time = '2.771'
        , mapping_complete_time = '0.026'
        , mongo_start_time = '1.659'
        , search_end_time = '1.361'
        , total_duration = '5.923'
        , error_description = ''
        , memory_used = '103546216'
        WHERE id = '541192';
[05/07/2024 12:12:47], [file name :-/home/otrams/public_html/beta/call.php],UPDATE xmllogs SET
        hotel_count = '186'
        , request_url = '/call.php?s=expedia&sessionid=50bd3c356ff354af4551cf1528d8ee0579298d5315a6c6022cc740d0f595e3d6&xml_user_id=7864&db_caching=1&erequest=0&total_request=3&web_service=no&site_id=&save_log=yes&ip=43.239.53.130&browser=GoogleChrome%2F121.0.0.0%28linux%29&hotels_ids=&expediaRapidApi=&agent_country=106'
        , http_hit_time = '2024-05-07 12:12:41.259'
        , request_start_time = '0.038'
        , parsing_start_time = '3.199'
        , mapping_complete_time = '0.028'
        , mongo_start_time = '1.303'
        , search_end_time = '1.322'
        , total_duration = '5.960'
        , error_description = ''
        , memory_used = '114281928'
        WHERE id = '541193';
[05/07/2024 12:12:47], [file name :-/home/otrams/public_html/beta/call.php],UPDATE xmllogs SET
        hotel_count = '186'
        , request_url = '/call.php?s=expediapackage&sessionid=50bd3c356ff354af4551cf1528d8ee0579298d5315a6c6022cc740d0f595e3d6&xml_user_id=7864&db_caching=1&erequest=0&total_request=3&web_service=no&site_id=&save_log=yes&ip=43.239.53.130&browser=GoogleChrome%2F121.0.0.0%28linux%29&hotels_ids=&expediaRapidApi=&agent_country=106'
        , http_hit_time = '2024-05-07 12:12:41.251'
        , request_start_time = '0.076'
        , parsing_start_time = '3.109'
        , mapping_complete_time = '0.008'
        , mongo_start_time = '1.861'
        , search_end_time = '1.448'
        , total_duration = '6.649'
        , error_description = ''
        , memory_used = '127749176'
        WHERE id = '541195';
[05/07/2024 12:12:48], [file name :-/home/otrams/public_html/beta/call.php],UPDATE xmllogs SET
        hotel_count = '142'
        , request_url = '/call.php?s=expediapackage&sessionid=50bd3c356ff354af4551cf1528d8ee0579298d5315a6c6022cc740d0f595e3d6&xml_user_id=7864&db_caching=1&erequest=1&total_request=3&web_service=no&site_id=&save_log=yes&ip=43.239.53.130&browser=GoogleChrome%2F121.0.0.0%28linux%29&hotels_ids=&expediaRapidApi=&agent_country=106'
        , http_hit_time = '2024-05-07 12:12:41.260'
        , request_start_time = '0.037'
        , parsing_start_time = '3.689'
        , mapping_complete_time = '0.037'
        , mongo_start_time = '1.497'
        , search_end_time = '1.419'
        , total_duration = '6.842'
        , error_description = ''
        , memory_used = '115365248'
        WHERE id = '541194';
[05/07/2024 12:12:49], [file name :-/home/otrams/public_html/beta/xml_all.php],UPDATE agent_logs SET
        hotel_count = '328',
        request_path = '/xml_all.php?userid=7864&sessionid=50bd3c356ff354af4551cf1528d8ee0579298d5315a6c6022cc740d0f595e3d6',
        duration = '8.931',
        merge_duration = '1.043',
        assigned_supplier_count = '4',
        searched_supplier_count = '4',
        system_load_1_min = '25.22',
        system_load_5_min = '10.86',
        system_load_15_min = '6.52',
        system_memory_usage = '86.19',
        memory_usage = (SELECT COALESCE(SUM(memory_used),0) FROM xmllogs WHERE agent_logs_id = '1598') + '23769344',
        parallel_search_count = '',
        mongo_archive_collection = '',
        error_description = '',
        is_cached = 'no'
        WHERE id = '1598';
[05/07/2024 12:12:49], [file name :-/home/otrams/public_html/beta/ajax/manualKeepAlive.php],UPDATE user_sessions_ip SET update_date = '2024-05-07 12:12:49' WHERE id= '843';
[05/07/2024 12:12:49], [file name :-/home/otrams/public_html/beta/m1_hotel_search_listing.php],UPDATE user_sessions_ip SET update_date = '2024-05-07 12:12:49' WHERE id= '843';
[05/07/2024 12:12:49], [file name :-/home/otrams/public_html/beta/m1_hotel_search_listing.php],UPDATE user_sessions_ip SET update_date = '2024-05-07 12:12:49' WHERE id= '843';
[05/07/2024 12:12:50], [file name :-/home/otrams/public_html/beta/ajax/manualKeepAlive.php],UPDATE user_sessions_ip SET update_date = '2024-05-07 12:12:50' WHERE id= '843';
[05/07/2024 12:12:51], [file name :-/home/otrams/public_html/beta/ajax/list_hotel.php],UPDATE user_sessions_ip SET update_date = '2024-05-07 12:12:51' WHERE id= '843';
[05/07/2024 12:12:56], [file name :-/home/otrams/public_html/beta/m1_write_cache.php],UPDATE user_sessions_ip SET update_date = '2024-05-07 12:12:56' WHERE id= '843';
[05/07/2024 12:12:56], [file name :-/home/otrams/public_html/beta/book_now.php],UPDATE user_sessions_ip SET update_date = '2024-05-07 12:12:56' WHERE id= '843';
[05/07/2024 12:12:56], [file name :-/home/otrams/public_html/beta/book_now.php],INSERT INTO autogenerator_reservation (reservation_id, remote_id) VALUES ('1715083976','43.239.53.130');
[05/07/2024 12:12:56], [file name :-/home/otrams/public_html/beta/book_now.php],INSERT INTO xmllogs(reservation_id, type, request_path, response_path, header_path, source_type, create_date, header, session_id, agent_logs_id)
                VALUE ('', 'valuation', 'e1p/07_05_2024/request_valuation_being_gajju_1598_1715083976_38.json', 'e1p/07_05_2024/response_valuation_being_gajju_1598_1715083976_38.json', 'e1p/07_05_2024/response_header_valuation_being_gajju_1598_1715083976_38.json', 'expediapackage', '2024-05-07 12:12:56', '', '50bd3c356ff354af4551cf1528d8ee0579298d5315a6c6022cc740d0f595e3d6', '1598');
[05/07/2024 12:12:56], [file name :-/home/otrams/public_html/beta/book_now.php],INSERT INTO hotel_logs (hotelname, city_name, country_code, agent_id, wh_agent_id, branch_id, site_id, type, create_date,web_service)
			VALUES ('Aravi Hotel', 'dubai', '138', '7864', '', '28', '', 'hotelstopbooking', '2024-05-07 :12:12:56','');
[05/07/2024 12:13:42], [file name :-/home/otrams/public_html/beta/book_now.php],UPDATE user_sessions_ip SET update_date = '2024-05-07 12:13:42' WHERE id= '843';
[05/07/2024 12:13:43], [file name :-/home/otrams/public_html/beta/book_now.php],INSERT INTO autogenerator_reservation (reservation_id, remote_id) VALUES ('1715084023','43.239.53.130');
[05/07/2024 12:13:43], [file name :-/home/otrams/public_html/beta/book_now.php],INSERT INTO xmllogs(reservation_id, type, request_path, response_path, header_path, source_type, create_date, header, session_id, agent_logs_id)
                VALUE ('', 'valuation', 'e1p/07_05_2024/request_valuation_being_gajju_1598_1715084023_36.json', 'e1p/07_05_2024/response_valuation_being_gajju_1598_1715084023_36.json', 'e1p/07_05_2024/response_header_valuation_being_gajju_1598_1715084023_36.json', 'expediapackage', '2024-05-07 12:13:43', '', '50bd3c356ff354af4551cf1528d8ee0579298d5315a6c6022cc740d0f595e3d6', '1598');
[05/07/2024 12:13:43], [file name :-/home/otrams/public_html/beta/book_now.php],INSERT INTO hotel_logs (hotelname, city_name, country_code, agent_id, wh_agent_id, branch_id, site_id, type, create_date,web_service)
			VALUES ('Aravi Hotel', 'dubai', '138', '7864', '', '28', '', 'hotelstopbooking', '2024-05-07 :12:13:43','');
[05/07/2024 12:14:04], [file name :-/home/otrams/public_html/beta/book_now.php],UPDATE user_sessions_ip SET update_date = '2024-05-07 12:14:04' WHERE id= '843';
[05/07/2024 12:14:04], [file name :-/home/otrams/public_html/beta/book_now.php],INSERT INTO autogenerator_reservation (reservation_id, remote_id) VALUES ('1715084044','43.239.53.130');
[05/07/2024 12:14:05], [file name :-/home/otrams/public_html/beta/book_now.php],INSERT INTO xmllogs(reservation_id, type, request_path, response_path, header_path, source_type, create_date, header, session_id, agent_logs_id)
                VALUE ('', 'valuation', 'e1p/07_05_2024/request_valuation_being_gajju_1598_1715084044_11.json', 'e1p/07_05_2024/response_valuation_being_gajju_1598_1715084044_11.json', 'e1p/07_05_2024/response_header_valuation_being_gajju_1598_1715084044_11.json', 'expediapackage', '2024-05-07 12:14:05', '', '50bd3c356ff354af4551cf1528d8ee0579298d5315a6c6022cc740d0f595e3d6', '1598');
[05/07/2024 12:14:05], [file name :-/home/otrams/public_html/beta/book_now.php],INSERT INTO hotel_logs (hotelname, city_name, country_code, agent_id, wh_agent_id, branch_id, site_id, type, create_date,web_service)
			VALUES ('Aravi Hotel', 'dubai', '138', '7864', '', '28', '', 'hotelstopbooking', '2024-05-07 :12:14:05','');
[05/07/2024 12:14:13], [file name :-/home/otrams/public_html/beta/book_now.php],UPDATE user_sessions_ip SET update_date = '2024-05-07 12:14:13' WHERE id= '843';
[05/07/2024 12:14:13], [file name :-/home/otrams/public_html/beta/book_now.php],INSERT INTO autogenerator_reservation (reservation_id, remote_id) VALUES ('1715084053','43.239.53.130');
[05/07/2024 12:14:13], [file name :-/home/otrams/public_html/beta/book_now.php],INSERT INTO xmllogs(reservation_id, type, request_path, response_path, header_path, source_type, create_date, header, session_id, agent_logs_id)
                VALUE ('', 'valuation', 'e1p/07_05_2024/request_valuation_being_gajju_1598_1715084053_11.json', 'e1p/07_05_2024/response_valuation_being_gajju_1598_1715084053_11.json', 'e1p/07_05_2024/response_header_valuation_being_gajju_1598_1715084053_11.json', 'expediapackage', '2024-05-07 12:14:13', '', '50bd3c356ff354af4551cf1528d8ee0579298d5315a6c6022cc740d0f595e3d6', '1598');
[05/07/2024 12:14:13], [file name :-/home/otrams/public_html/beta/book_now.php],INSERT INTO hotel_logs (hotelname, city_name, country_code, agent_id, wh_agent_id, branch_id, site_id, type, create_date,web_service)
			VALUES ('Aravi Hotel', 'dubai', '138', '7864', '', '28', '', 'hotelstopbooking', '2024-05-07 :12:14:13','');
[05/07/2024 12:14:20], [file name :-/home/otrams/public_html/beta/agent_login.php],UPDATE user_sessions_ip SET update_date = '2024-05-07 12:14:20' WHERE id= '843';
[05/07/2024 12:14:20], [file name :-/home/otrams/public_html/beta/agent_login.php],update agents set last_login_date = '2024-05-07 12:14:20',login_attempt=0 where id = '7864';
[05/07/2024 12:14:20], [file name :-/home/otrams/public_html/beta/agent_login.php],INSERT INTO psa_login_log  SET username = 'being_gajju', user_type = 'A', branch_id = '28', login_datetime = '2024-05-07 12:14:20', ip = '43.239.53.130', action = 'Login' ;
[05/07/2024 12:14:21], [file name :-/home/otrams/public_html/beta/hotel_search.php],UPDATE user_sessions_ip SET update_date = '2024-05-07 12:14:21' WHERE id= '843';
[05/07/2024 12:14:43], [file name :-/home/otrams/public_html/beta/get_city_list.php],UPDATE user_sessions_ip SET update_date = '2024-05-07 12:14:43' WHERE id= '843';
[05/07/2024 12:14:47], [file name :-/home/otrams/public_html/beta/hotel_search_list.php],UPDATE user_sessions_ip SET update_date = '2024-05-07 12:14:47' WHERE id= '843';
[05/07/2024 12:14:48], [file name :-/home/otrams/public_html/beta/hotel_search_list.php],INSERT INTO agent_logs SET  agent_id = '7864' , sub_agent_id = '' , sub_user_id = '0' , branch_id = '28' , ip = '43.239.53.130' , city = 'dubai' , service_name = '' , country_of_residence = '106' , service_type = 'hotel' , arrival_date = '2024/05/08' , departure_date = '2024/05/09' , nights = '1' , nationality = '106' , room_types = '2' , room_type='[{"numberOfAdults":2}]' , available='0' , create_date = '2024-05-07 12:14:48' , site_id = '' , country_code = '138' , city_code = '71649' , ratings = '3.0,4.0,5.0,SC' , selected_currency = 'INR' , currency_code = 'INR' , web_service = '' ;
[05/07/2024 12:14:49], [file name :-/home/otrams/public_html/beta/xml_all.php],UPDATE user_sessions_ip SET update_date = '2024-05-07 12:14:49' WHERE id= '843';
[05/07/2024 12:14:50], [file name :-/home/otrams/public_html/beta/call.php],INSERT INTO xmllogs SET
            type = 'ERROR'
            , http_hit_time = '2024-05-07 12:14:50.17'
            , total_duration = '0.059'
            , hotel_count = 0
            , source_type = 'hotelbeds'
            , create_date = '2024-05-07 12:14:50'
            , session_id = '50bd3c356ff354af4551cf1528d8ee0579298d5315a6c6022cc740d0f595e3d6'
            , agent_logs_id = '1599'
            , error_description = ''
            , memory_used = '2035288';
[05/07/2024 12:14:50], [file name :-/home/otrams/public_html/beta/call.php],INSERT INTO xmllogs SET
            type = 'ERROR'
            , http_hit_time = '2024-05-07 12:14:50.17'
            , total_duration = '0.066'
            , hotel_count = 0
            , source_type = 'hotelbeds'
            , create_date = '2024-05-07 12:14:50'
            , session_id = '50bd3c356ff354af4551cf1528d8ee0579298d5315a6c6022cc740d0f595e3d6'
            , agent_logs_id = '1599'
            , error_description = ''
            , memory_used = '2035288';
[05/07/2024 12:14:50], [file name :-/home/otrams/public_html/beta/call.php],INSERT INTO xmllogs SET
            type = 'ERROR'
            , http_hit_time = '2024-05-07 12:14:50.17'
            , total_duration = '0.068'
            , hotel_count = 0
            , source_type = 'hotelbeds'
            , create_date = '2024-05-07 12:14:50'
            , session_id = '50bd3c356ff354af4551cf1528d8ee0579298d5315a6c6022cc740d0f595e3d6'
            , agent_logs_id = '1599'
            , error_description = ''
            , memory_used = '2035288';
[05/07/2024 12:14:50], [file name :-/home/otrams/public_html/beta/call.php],INSERT INTO xmllogs SET
            type = 'ERROR'
            , http_hit_time = '2024-05-07 12:14:50.18'
            , total_duration = '0.069'
            , hotel_count = 0
            , source_type = 'hotelbeds'
            , create_date = '2024-05-07 12:14:50'
            , session_id = '50bd3c356ff354af4551cf1528d8ee0579298d5315a6c6022cc740d0f595e3d6'
            , agent_logs_id = '1599'
            , error_description = ''
            , memory_used = '2035288';
[05/07/2024 12:14:50], [file name :-/home/otrams/public_html/beta/call.php],INSERT INTO xmllogs(reservation_id, type, request_path, response_path, header_path, source_type, create_date, header, session_id, agent_logs_id)
                VALUE ('', 'availability', '/request_placeholder.xml', '/response_placeholder.xml', '/response_header_placeholder.xml', 'localsystem', '2024-05-07 12:14:50', '', '50bd3c356ff354af4551cf1528d8ee0579298d5315a6c6022cc740d0f595e3d6', '1599');
[05/07/2024 12:14:50], [file name :-/home/otrams/public_html/beta/call.php],INSERT INTO xmllogs SET
            type = 'ERROR'
            , http_hit_time = '2024-05-07 12:14:50.22'
            , total_duration = '0.093'
            , hotel_count = 0
            , source_type = 'hotelbeds'
            , create_date = '2024-05-07 12:14:50'
            , session_id = '50bd3c356ff354af4551cf1528d8ee0579298d5315a6c6022cc740d0f595e3d6'
            , agent_logs_id = '1599'
            , error_description = ''
            , memory_used = '2035288';
[05/07/2024 12:14:50], [file name :-/home/otrams/public_html/beta/call.php],INSERT INTO xmllogs SET
            type = 'ERROR'
            , http_hit_time = '2024-05-07 12:14:50.16'
            , total_duration = '0.103'
            , hotel_count = 0
            , source_type = 'hotelbeds'
            , create_date = '2024-05-07 12:14:50'
            , session_id = '50bd3c356ff354af4551cf1528d8ee0579298d5315a6c6022cc740d0f595e3d6'
            , agent_logs_id = '1599'
            , error_description = ''
            , memory_used = '2035288';
[05/07/2024 12:14:50], [file name :-/home/otrams/public_html/beta/call.php],UPDATE xmllogs SET
        hotel_count = ''
        , request_url = '/call.php?s=localsystem&sessionid=50bd3c356ff354af4551cf1528d8ee0579298d5315a6c6022cc740d0f595e3d6&xml_user_id=7864&request_no=0&local_hotel_code=5&#039;,&#039;6&web_service=no&site_id=&save_log=yes'
        , http_hit_time = '2024-05-07 12:14:50.17'
        , request_start_time = '0.023'
        , parsing_start_time = '0.011'
        , mapping_complete_time = '0.096'
        , mongo_start_time = '0.109'
        , search_end_time = '0.012'
        , total_duration = '0.236'
        , error_description = ''
        , memory_used = '1631824'
        WHERE id = '541204';
[05/07/2024 12:14:50], [file name :-/home/otrams/public_html/beta/call.php],INSERT INTO xmllogs(reservation_id, type, request_path, response_path, header_path, source_type, create_date, header, session_id, agent_logs_id)
                VALUE ('', 'availability', 'e1p/07_05_2024/request_availability_being_gajju_1599_1715084090_59.json', 'e1p/07_05_2024/response_availability_being_gajju_1599_1715084090_59.json', 'e1p/07_05_2024/response_header_availability_being_gajju_1599_1715084090_59.json', 'expediapackage', '2024-05-07 12:14:50', '', '50bd3c356ff354af4551cf1528d8ee0579298d5315a6c6022cc740d0f595e3d6', '1599');
[05/07/2024 12:14:50], [file name :-/home/otrams/public_html/beta/call.php],UPDATE xmllogs SET
        hotel_count = ''
        , request_url = '/call.php?s=expediapackage&sessionid=50bd3c356ff354af4551cf1528d8ee0579298d5315a6c6022cc740d0f595e3d6&xml_user_id=7864&db_caching=1&erequest=2&total_request=3&web_service=no&site_id=&save_log=yes&ip=43.239.53.130&browser=GoogleChrome%2F121.0.0.0%28linux%29&hotels_ids=&expediaRapidApi=&agent_country=106'
        , http_hit_time = '2024-05-07 12:14:50.16'
        , request_start_time = '0.103'
        , parsing_start_time = '0.291'
        , mapping_complete_time = '0.021'
        , mongo_start_time = '0.000'
        , search_end_time = '0.000'
        , total_duration = '0.477'
        , error_description = ''
        , memory_used = '1352040'
        WHERE id = '541207';
[05/07/2024 12:14:50], [file name :-/home/otrams/public_html/beta/call.php],INSERT INTO xmllogs(reservation_id, type, request_path, response_path, header_path, source_type, create_date, header, session_id, agent_logs_id)
                VALUE ('', 'availability', 'e1/07_05_2024/request_availability_being_gajju_1599_1715084090_23.json', 'e1/07_05_2024/response_availability_being_gajju_1599_1715084090_23.json', 'e1/07_05_2024/response_header_availability_being_gajju_1599_1715084090_23.json', 'expedia', '2024-05-07 12:14:50', '', '50bd3c356ff354af4551cf1528d8ee0579298d5315a6c6022cc740d0f595e3d6', '1599');
[05/07/2024 12:14:50], [file name :-/home/otrams/public_html/beta/call.php],UPDATE xmllogs SET
        hotel_count = ''
        , request_url = '/call.php?s=expedia&sessionid=50bd3c356ff354af4551cf1528d8ee0579298d5315a6c6022cc740d0f595e3d6&xml_user_id=7864&db_caching=1&erequest=2&total_request=3&web_service=no&site_id=&save_log=yes&ip=43.239.53.130&browser=GoogleChrome%2F121.0.0.0%28linux%29&hotels_ids=&expediaRapidApi=&agent_country=106'
        , http_hit_time = '2024-05-07 12:14:50.17'
        , request_start_time = '0.064'
        , parsing_start_time = '0.447'
        , mapping_complete_time = '0.022'
        , mongo_start_time = '0.000'
        , search_end_time = '0.000'
        , total_duration = '0.573'
        , error_description = ''
        , memory_used = '1352184'
        WHERE id = '541208';
[05/07/2024 12:14:50], [file name :-/home/otrams/public_html/beta/call.php],INSERT INTO xmllogs(reservation_id, type, request_path, response_path, header_path, source_type, create_date, header, session_id, agent_logs_id)
                VALUE ('', 'availability', 'e1/07_05_2024/request_availability_being_gajju_1599_1715084090_99.json', 'e1/07_05_2024/response_availability_being_gajju_1599_1715084090_99.json', 'e1/07_05_2024/response_header_availability_being_gajju_1599_1715084090_99.json', 'expedia', '2024-05-07 12:14:50', '', '50bd3c356ff354af4551cf1528d8ee0579298d5315a6c6022cc740d0f595e3d6', '1599');
[05/07/2024 12:14:51], [file name :-/home/otrams/public_html/beta/call.php],INSERT INTO xmllogs(reservation_id, type, request_path, response_path, header_path, source_type, create_date, header, session_id, agent_logs_id)
                VALUE ('', 'availability', 'e1/07_05_2024/request_availability_being_gajju_1599_1715084090_7.json', 'e1/07_05_2024/response_availability_being_gajju_1599_1715084090_7.json', 'e1/07_05_2024/response_header_availability_being_gajju_1599_1715084090_7.json', 'expedia', '2024-05-07 12:14:51', '', '50bd3c356ff354af4551cf1528d8ee0579298d5315a6c6022cc740d0f595e3d6', '1599');
[05/07/2024 12:14:51], [file name :-/home/otrams/public_html/beta/call.php],INSERT INTO xmllogs(reservation_id, type, request_path, response_path, header_path, source_type, create_date, header, session_id, agent_logs_id)
                VALUE ('', 'availability', 'e1p/07_05_2024/request_availability_being_gajju_1599_1715084090_92.json', 'e1p/07_05_2024/response_availability_being_gajju_1599_1715084090_92.json', 'e1p/07_05_2024/response_header_availability_being_gajju_1599_1715084090_92.json', 'expediapackage', '2024-05-07 12:14:51', '', '50bd3c356ff354af4551cf1528d8ee0579298d5315a6c6022cc740d0f595e3d6', '1599');
[05/07/2024 12:14:51], [file name :-/home/otrams/public_html/beta/call.php],INSERT INTO xmllogs(reservation_id, type, request_path, response_path, header_path, source_type, create_date, header, session_id, agent_logs_id)
                VALUE ('', 'availability', 'e1p/07_05_2024/request_availability_being_gajju_1599_1715084090_37.json', 'e1p/07_05_2024/response_availability_being_gajju_1599_1715084090_37.json', 'e1p/07_05_2024/response_header_availability_being_gajju_1599_1715084090_37.json', 'expediapackage', '2024-05-07 12:14:51', '', '50bd3c356ff354af4551cf1528d8ee0579298d5315a6c6022cc740d0f595e3d6', '1599');
[05/07/2024 12:14:58], [file name :-/home/otrams/public_html/beta/call.php],UPDATE xmllogs SET
        hotel_count = '142'
        , request_url = '/call.php?s=expediapackage&sessionid=50bd3c356ff354af4551cf1528d8ee0579298d5315a6c6022cc740d0f595e3d6&xml_user_id=7864&db_caching=1&erequest=1&total_request=3&web_service=no&site_id=&save_log=yes&ip=43.239.53.130&browser=GoogleChrome%2F121.0.0.0%28linux%29&hotels_ids=&expediaRapidApi=&agent_country=106'
        , http_hit_time = '2024-05-07 12:14:50.23'
        , request_start_time = '0.058'
        , parsing_start_time = '2.974'
        , mapping_complete_time = '0.002'
        , mongo_start_time = '1.318'
        , search_end_time = '3.776'
        , total_duration = '8.403'
        , error_description = ''
        , memory_used = '115627176'
        WHERE id = '541212';
[05/07/2024 12:14:59], [file name :-/home/otrams/public_html/beta/call.php],UPDATE xmllogs SET
        hotel_count = '186'
        , request_url = '/call.php?s=expedia&sessionid=50bd3c356ff354af4551cf1528d8ee0579298d5315a6c6022cc740d0f595e3d6&xml_user_id=7864&db_caching=1&erequest=0&total_request=3&web_service=no&site_id=&save_log=yes&ip=43.239.53.130&browser=GoogleChrome%2F121.0.0.0%28linux%29&hotels_ids=&expediaRapidApi=&agent_country=106'
        , http_hit_time = '2024-05-07 12:14:50.18'
        , request_start_time = '0.036'
        , parsing_start_time = '2.402'
        , mapping_complete_time = '0.004'
        , mongo_start_time = '1.972'
        , search_end_time = '5.392'
        , total_duration = '9.941'
        , error_description = ''
        , memory_used = '114279184'
        WHERE id = '541210';
[05/07/2024 12:15:00], [file name :-/home/otrams/public_html/beta/call.php],UPDATE xmllogs SET
        hotel_count = '142'
        , request_url = '/call.php?s=expedia&sessionid=50bd3c356ff354af4551cf1528d8ee0579298d5315a6c6022cc740d0f595e3d6&xml_user_id=7864&db_caching=1&erequest=1&total_request=3&web_service=no&site_id=&save_log=yes&ip=43.239.53.130&browser=GoogleChrome%2F121.0.0.0%28linux%29&hotels_ids=&expediaRapidApi=&agent_country=106'
        , http_hit_time = '2024-05-07 12:14:50.20'
        , request_start_time = '0.046'
        , parsing_start_time = '2.061'
        , mapping_complete_time = '0.020'
        , mongo_start_time = '1.865'
        , search_end_time = '6.279'
        , total_duration = '10.410'
        , error_description = ''
        , memory_used = '103261560'
        WHERE id = '541209';
[05/07/2024 12:15:00], [file name :-/home/otrams/public_html/beta/call.php],UPDATE xmllogs SET
        hotel_count = '186'
        , request_url = '/call.php?s=expediapackage&sessionid=50bd3c356ff354af4551cf1528d8ee0579298d5315a6c6022cc740d0f595e3d6&xml_user_id=7864&db_caching=1&erequest=0&total_request=3&web_service=no&site_id=&save_log=yes&ip=43.239.53.130&browser=GoogleChrome%2F121.0.0.0%28linux%29&hotels_ids=&expediaRapidApi=&agent_country=106'
        , http_hit_time = '2024-05-07 12:14:50.20'
        , request_start_time = '0.079'
        , parsing_start_time = '2.878'
        , mapping_complete_time = '0.013'
        , mongo_start_time = '1.069'
        , search_end_time = '6.406'
        , total_duration = '10.619'
        , error_description = ''
        , memory_used = '127751824'
        WHERE id = '541211';
[05/07/2024 12:15:01], [file name :-/home/otrams/public_html/beta/xml_all.php],UPDATE agent_logs SET
        hotel_count = '328',
        request_path = '/xml_all.php?userid=7864&sessionid=50bd3c356ff354af4551cf1528d8ee0579298d5315a6c6022cc740d0f595e3d6',
        duration = '12.421',
        merge_duration = '0.856',
        assigned_supplier_count = '4',
        searched_supplier_count = '4',
        system_load_1_min = '33.63',
        system_load_5_min = '16.79',
        system_load_15_min = '9.10',
        system_memory_usage = '90.43',
        memory_usage = (SELECT COALESCE(SUM(memory_used),0) FROM xmllogs WHERE agent_logs_id = '1599') + '22872824',
        parallel_search_count = '',
        mongo_archive_collection = '',
        error_description = '',
        is_cached = 'no'
        WHERE id = '1599';
[05/07/2024 12:15:01], [file name :-/home/otrams/public_html/beta/ajax/manualKeepAlive.php],UPDATE user_sessions_ip SET update_date = '2024-05-07 12:15:01' WHERE id= '843';
[05/07/2024 12:15:01], [file name :-/home/otrams/public_html/beta/ajax/manualKeepAlive.php],UPDATE user_sessions_ip SET update_date = '2024-05-07 12:15:01' WHERE id= '843';
[05/07/2024 12:15:01], [file name :-/home/otrams/public_html/beta/m1_hotel_search_listing.php],UPDATE user_sessions_ip SET update_date = '2024-05-07 12:15:01' WHERE id= '843';
[05/07/2024 12:15:02], [file name :-/home/otrams/public_html/beta/m1_hotel_search_listing.php],UPDATE user_sessions_ip SET update_date = '2024-05-07 12:15:02' WHERE id= '843';
[05/07/2024 12:15:02], [file name :-/home/otrams/public_html/beta/m1_hotel_search_listing.php],UPDATE user_sessions_ip SET update_date = '2024-05-07 12:15:02' WHERE id= '843';
[05/07/2024 12:15:04], [file name :-/home/otrams/public_html/beta/ajax/list_hotel.php],UPDATE user_sessions_ip SET update_date = '2024-05-07 12:15:04' WHERE id= '843';
[05/07/2024 12:19:33], [file name :-/home/otrams/public_html/beta/m1_write_cache.php],UPDATE user_sessions_ip SET update_date = '2024-05-07 12:19:33' WHERE id= '843';
[05/07/2024 12:19:33], [file name :-/home/otrams/public_html/beta/book_now.php],UPDATE user_sessions_ip SET update_date = '2024-05-07 12:19:33' WHERE id= '843';
[05/07/2024 12:19:33], [file name :-/home/otrams/public_html/beta/book_now.php],INSERT INTO autogenerator_reservation (reservation_id, remote_id) VALUES ('1715084373','43.239.53.130');
[05/07/2024 12:19:33], [file name :-/home/otrams/public_html/beta/book_now.php],INSERT INTO xmllogs(reservation_id, type, request_path, response_path, header_path, source_type, create_date, header, session_id, agent_logs_id)
                VALUE ('', 'valuation', 'e1p/07_05_2024/request_valuation_being_gajju_1599_1715084373_74.json', 'e1p/07_05_2024/response_valuation_being_gajju_1599_1715084373_74.json', 'e1p/07_05_2024/response_header_valuation_being_gajju_1599_1715084373_74.json', 'expediapackage', '2024-05-07 12:19:33', '', '50bd3c356ff354af4551cf1528d8ee0579298d5315a6c6022cc740d0f595e3d6', '1599');
[05/07/2024 12:19:33], [file name :-/home/otrams/public_html/beta/book_now.php],INSERT INTO hotel_logs (hotelname, city_name, country_code, agent_id, wh_agent_id, branch_id, site_id, type, create_date,web_service)
			VALUES ('Aravi Hotel', 'dubai', '138', '7864', '', '28', '', 'hotelstopbooking', '2024-05-07 :12:19:33','');
[05/07/2024 12:19:38], [file name :-/home/otrams/public_html/beta/m1_hotel_search_listing.php],UPDATE user_sessions_ip SET update_date = '2024-05-07 12:19:38' WHERE id= '843';
[05/07/2024 12:19:40], [file name :-/home/otrams/public_html/beta/ajax/list_hotel.php],UPDATE user_sessions_ip SET update_date = '2024-05-07 12:19:40' WHERE id= '843';
[05/07/2024 12:19:45], [file name :-/home/otrams/public_html/beta/m1_write_cache.php],UPDATE user_sessions_ip SET update_date = '2024-05-07 12:19:45' WHERE id= '843';
[05/07/2024 12:19:46], [file name :-/home/otrams/public_html/beta/book_now.php],UPDATE user_sessions_ip SET update_date = '2024-05-07 12:19:46' WHERE id= '843';
[05/07/2024 12:19:46], [file name :-/home/otrams/public_html/beta/book_now.php],INSERT INTO autogenerator_reservation (reservation_id, remote_id) VALUES ('1715084386','43.239.53.130');
[05/07/2024 12:19:47], [file name :-/home/otrams/public_html/beta/book_now.php],INSERT INTO xmllogs(reservation_id, type, request_path, response_path, header_path, source_type, create_date, header, session_id, agent_logs_id)
                VALUE ('', 'valuation', 'e1p/07_05_2024/request_valuation_being_gajju_1599_1715084386_55.json', 'e1p/07_05_2024/response_valuation_being_gajju_1599_1715084386_55.json', 'e1p/07_05_2024/response_header_valuation_being_gajju_1599_1715084386_55.json', 'expediapackage', '2024-05-07 12:19:47', '', '50bd3c356ff354af4551cf1528d8ee0579298d5315a6c6022cc740d0f595e3d6', '1599');
[05/07/2024 12:19:56], [file name :-/home/otrams/public_html/beta/frontendfunc.php],UPDATE user_sessions_ip SET update_date = '2024-05-07 12:19:56' WHERE id= '843';
[05/07/2024 12:20:18], [file name :-/home/otrams/public_html/beta/book_now.php],UPDATE user_sessions_ip SET update_date = '2024-05-07 12:20:18' WHERE id= '843';
[05/07/2024 12:20:19], [file name :-/home/otrams/public_html/beta/book_now.php],INSERT INTO autogenerator_reservation (reservation_id, remote_id) VALUES ('1715084419','43.239.53.130');
[05/07/2024 12:20:20], [file name :-/home/otrams/public_html/beta/confirm_booking.php],UPDATE user_sessions_ip SET update_date = '2024-05-07 12:20:20' WHERE id= '843';
[05/07/2024 12:20:20], [file name :-/home/otrams/public_html/beta/confirm_booking.php], insert into bookings set  source_type = 'expediapackage', reservation_id = '4433', create_date = '2024-05-07 12:20:20', agent_id = '7864', parent_agent_id = '7864', agent_ref_no = '', nationality = 'Indian', city_id = 'dubai', country_id = '138', current_status = 'inprocess-booking', booking_branch_id = '28', is_xml = '0', display_room_rate = '2449.16', display_currency_code = 'INR', native_room_rate = '40.7', native_currency_code = 'USD', supplier_profile_id = '43', service_type = 'hotel', service_date = '2024/05/08', check_out_date = '2024/05/09', sub_user_id = '', booking_status = '1', leader_title = 'Mr', leader_first_name = 'sdljfsdjfh', leader_last_name = 'kjbdvkjbsv', status_date = '2024-05-07 12:20:20';
[05/07/2024 12:20:20], [file name :-/home/otrams/public_html/beta/confirm_booking.php],INSERT INTO external_mapping_data_tracking (booking_id,search_hotel_name,booked_hotel_name_supplier,hotel_id,master_id,city_id,supplier,date) VALUES ('596','REFLECTIONS HOTEL DUBAI','Reflections Hotel Dubai','9062916','OT000412971','dubai','expediapackage',NOW());
[05/07/2024 12:20:20], [file name :-/home/otrams/public_html/beta/confirm_booking.php],UPDATE
		bookings
		SET
		booking_branch_id= '28'
		WHERE
		id='596'
		;
[05/07/2024 12:20:20], [file name :-/home/otrams/public_html/beta/confirm_booking.php],insert into bookings_details(booking_id,reservation_id,supplier_id,total_rooms,total_adults,total_children,total_infants,rate_description ,rate_code,hotel_id,hotel_name,hotel_address1,hotel_phone,hotel_rating,total_nights,arrival_date,departure_date,room_rate_code,hotel_img)values('596','4433','','1','2','0','-','','','9062916','Reflections Hotel Dubai','Al Jadaf - 1 BurDubai','+97145089600','4.0','1','2024/05/08','2024/05/09','','https://beta.astrabookings.com//cpfv3/images/?image=aHR0cHM6Ly9pLnRyYXZlbGFwaS5jb20vaG90ZWxzLzEwMDAwMDAwLzkwNzAwMDAvOTA2MzAwMC85MDYyOTE2LzAzMzVkNDNkX2IuanBn');
[05/07/2024 12:20:20], [file name :-/home/otrams/public_html/beta/confirm_booking.php], insert into booking_room_detail set  booking_id = '596', booking_detail_id = '1', room_type_code = '', room_name = 'double', room_type_description = 'KingBed Deluxe Double - King(Room Only)- <font color=\'red\'>Package Deal</font> <b><font color=\'#265db7\'>(Members exclusive price)</font></b><br>(1 King Bed)', display_nightly_rates = 'a:1:{i:0;a:2:{s:18:"displayNightlyRate";d:2449.1599999999999;s:25:"displayNightlyRateDisplay";s:153:"Rate - 40.7,Currency Multiplier(USD-INR) - 60.1758, Markup - 0% , Supplier Commission - 3.41 USD, Marketing Fee - 3.41  USD Discount - 0  #expediapackage";}}', native_nightly_rates = 'a:1:{i:0;a:1:{s:17:"nativeNightlyRate";d:40.700000000000003;}}', native_room_rate_total = '40.7', display_room_rate_total = '2449.16', number_of_rooms = '1', room_category = 'KingBed Deluxe Double - King(Room Only)- <font color=\'red\'>Package Deal</font> <b><font color=\'#265db7\'>(Members exclusive price)</font></b><br>(1 King Bed)', meal_basis = 'Room Only';
[05/07/2024 12:20:20], [file name :-/home/otrams/public_html/beta/confirm_booking.php], insert into passangers set  booking_id = '596', booking_detail_id = '1', rid = '363', room = '0', salutations = 'Mr', first_name = 'sdljfsdjfh', last_name = 'kjbdvkjbsv', passenger_type = 'adult', age = '';
[05/07/2024 12:20:20], [file name :-/home/otrams/public_html/beta/confirm_booking.php], insert into passangers set  booking_id = '596', booking_detail_id = '1', rid = '363', room = '0', salutations = 'Mr', first_name = 'TBAA', last_name = 'TBAA', passenger_type = 'adult', age = '';
[05/07/2024 12:20:21], [file name :-/home/otrams/public_html/beta/confirm_booking.php],INSERT INTO xmllogs(reservation_id, type, request_path, response_path, header_path, source_type, create_date, header, session_id, agent_logs_id)
                VALUE ('', 'reservation', 'e1p/07_05_2024/request_reservation_being_gajju_1599_1715084420_6.json', 'e1p/07_05_2024/response_reservation_being_gajju_1599_1715084420_6.json', 'e1p/07_05_2024/response_header_reservation_being_gajju_1599_1715084420_6.json', 'expediapackage', '2024-05-07 12:20:21', '', '50bd3c356ff354af4551cf1528d8ee0579298d5315a6c6022cc740d0f595e3d6', '1599');
[05/07/2024 12:20:21], [file name :-/home/otrams/public_html/beta/confirm_booking.php],update bookings set  special_remark = '', itenirary_id = '7736345501068', confirmation_number = '7736345501068', display_discount = '0', cancellation_policy = 'Free cancellation up to  21:29:59 on  2024-05-06<br>If you cancel between 2024-05-06 21:30:00 and 2024-05-08 00:00:00 , you will be charged 2449.16 INR<br>No show is subject to a 100 % cancellation charge<br><br/><b>Amendment Policy</b><br/>
		Please note that most hotels treat changes in pax details, room category and dates as a cancellation of the booking, and charges will apply according to the cancellation policy.
		Late amendment charges may apply if requested after 21:30 on 6th of May 2024.
		Confirmation of amendments is subject to availability and rates at the time of making the amendment.', supplier_cancellation_policy = '', current_status = 'confirmed', expiration_date = '2024-05-06 16:00:00', comment_contract = ' Bed Type Selection is not guaranteed.<br/><span style=\'color: red;\'><strong>Note</strong>: Nightly rates might be calculated based on the average of Total Rate</span><br><br><b>Amenities:</b>Free self parking, Free WiFi<br><br><b>Deal:</b> Members exclusive price,<br><br/><br/><br/><b style=\'color:#2748a3;\'>Property fee due at property 14.99 AED (4.08 USD)</b><br/><span style=\'color: red;\'><strong>Note:</strong> *This conversion is an approximate price based on the current exchange rate and may change before your stay.</span><br/><br/><br/><b>Checkin Start Time :</b> 2:00 PM, <br/><b>Checkin End Time :</b> 5:30 AM, <br/><b>Min Checkin Age :</b> 18, <br/><b>Checkout Time :</b> 12:00 PM,<br/><b>Instructions :</b>   Extra-person charges may apply and vary depending on property policyGovernment-issued photo identification and a credit card, debit card, or cash deposit may be required at check-in for incidental chargesSpecial requests are subject to availability upon check-in and may incur additional charges; special requests cannot be guaranteedThis property only accepts cashCashless transactions are availableSafety features at this property include a fire extinguisher, a smoke detector, a security system, and a first aid kit  ,<br/><b>Special Instructions :</b> This property offers transfers from the train station. Guests must contact the property with arrival details before travel, using the contact information on the booking confirmation. Front desk staff will greet guests on arrival.,<br/>The minimum age for a customer to be able to check-in at a property 18.                            <br/><b>Mandatory Fees:</b> You\'ll be asked to pay the following charges at the property: A tax is imposed by the city: AED 15.00 per accommodation, per night We have included all charges provided to us by the property. ,<br/><b>Optional Fees:</b>  Fee for continental breakfast: approximately AED 35 per personEarly check-in is available for a fee (subject to availability) The above list may not be comprehensive. Fees and deposits may not include tax and are subject to change. ,<br/><b>Know Before You Go :</b></br>  Only registered guests are allowed in the guestrooms.  No pets and no service animals are allowed at this property. Cashless payment methods are available for all transactions.Contactless check-out is available. ,</br></br><b>Sanitization General Information :</b></br>1-Professional property host/manager <b></b><br/>2-Gap period enforced between guest stays - 24 hours <b>24 hours</b><br/>3-Contactless check-out is available <b></b><br/>4-Shield between guests and staff in main contact areas <b></b><br/>5-Property follows sanitization practices of Safe Travels (WTTC - Global) <b></b><br/>6-Property confirms they are implementing guest safety measures <b></b><br/>7-Temperature checks are available to guests <b></b><br/>8-Guest accommodation is sealed after cleaning <b></b><br/>9-Social distancing measures are in place <b></b><br/>10-Staff temperature checks are conducted regularly <b></b><br/>11-Property confirms they are implementing enhanced cleaning measures <b></b><br/>12-Guests are provided with free hand sanitizer <b></b><br/>13-Property is cleaned with disinfectant <b></b><br/>14-Cashless transactions are available <b></b><br/>15-Staff wears personal protective equipment <b></b><br/>16-Food service has been amended for enhanced safety <b></b><br/>17-Bed sheets and towels are washed at a temperature of at least 60°C/140°F <b></b><br/>18-Masks are compulsory at the property <b></b><br/>19-Commonly-touched surfaces are cleaned with disinfectant <b></b><br/><b>Important Note :</b> Agent agree that this rate is being sold with approved transport component.', consultant_id = 'SUJAY_QTECH', sales_manager_id = '0', admin_booked = '1', email_id = 'spr@gmail.com', leader_phone = '9987204292', agent_currency_multiplier = '1.00000', ip_addr = '43.239.53.130', comment_contract = ' Bed Type Selection is not guaranteed.<br/><span style=\'color: red;\'><strong>Note</strong>: Nightly rates might be calculated based on the average of Total Rate</span><br><br><b>Amenities:</b>Free self parking, Free WiFi<br><br><b>Deal:</b> Members exclusive price,<br><br/><br/><br/><b style=\'color:#2748a3;\'>Property fee due at property 14.99 AED (4.08 USD)</b><br/><span style=\'color: red;\'><strong>Note:</strong> *This conversion is an approximate price based on the current exchange rate and may change before your stay.</span><br/><br/><br/><b>Checkin Start Time :</b> 2:00 PM, <br/><b>Checkin End Time :</b> 5:30 AM, <br/><b>Min Checkin Age :</b> 18, <br/><b>Checkout Time :</b> 12:00 PM,<br/><b>Instructions :</b>   Extra-person charges may apply and vary depending on property policyGovernment-issued photo identification and a credit card, debit card, or cash deposit may be required at check-in for incidental chargesSpecial requests are subject to availability upon check-in and may incur additional charges; special requests cannot be guaranteedThis property only accepts cashCashless transactions are availableSafety features at this property include a fire extinguisher, a smoke detector, a security system, and a first aid kit  ,<br/><b>Special Instructions :</b> This property offers transfers from the train station. Guests must contact the property with arrival details before travel, using the contact information on the booking confirmation. Front desk staff will greet guests on arrival.,<br/>The minimum age for a customer to be able to check-in at a property 18.                            <br/><b>Mandatory Fees:</b> You\'ll be asked to pay the following charges at the property: A tax is imposed by the city: AED 15.00 per accommodation, per night We have included all charges provided to us by the property. ,<br/><b>Optional Fees:</b>  Fee for continental breakfast: approximately AED 35 per personEarly check-in is available for a fee (subject to availability) The above list may not be comprehensive. Fees and deposits may not include tax and are subject to change. ,<br/><b>Know Before You Go :</b></br>  Only registered guests are allowed in the guestrooms.  No pets and no service animals are allowed at this property. Cashless payment methods are available for all transactions.Contactless check-out is available. ,</br></br><b>Sanitization General Information :</b></br>1-Professional property host/manager <b></b><br/>2-Gap period enforced between guest stays - 24 hours <b>24 hours</b><br/>3-Contactless check-out is available <b></b><br/>4-Shield between guests and staff in main contact areas <b></b><br/>5-Property follows sanitization practices of Safe Travels (WTTC - Global) <b></b><br/>6-Property confirms they are implementing guest safety measures <b></b><br/>7-Temperature checks are available to guests <b></b><br/>8-Guest accommodation is sealed after cleaning <b></b><br/>9-Social distancing measures are in place <b></b><br/>10-Staff temperature checks are conducted regularly <b></b><br/>11-Property confirms they are implementing enhanced cleaning measures <b></b><br/>12-Guests are provided with free hand sanitizer <b></b><br/>13-Property is cleaned with disinfectant <b></b><br/>14-Cashless transactions are available <b></b><br/>15-Staff wears personal protective equipment <b></b><br/>16-Food service has been amended for enhanced safety <b></b><br/>17-Bed sheets and towels are washed at a temperature of at least 60°C/140°F <b></b><br/>18-Masks are compulsory at the property <b></b><br/>19-Commonly-touched surfaces are cleaned with disinfectant <b></b><br/><b>Important Note :</b> Agent agree that this rate is being sold with approved transport component.', backoffice_user = 'v3alpha', customer_id = '', applied_multiplier='60.1758',  applied_markup='0',  agent_markup='0',  basecurrency_multiplier='0.01662',  basecurrency_multiplier_native='1.00000',  parent_agent_id='7864',  sub_agent_rate='0',  agent_rate='2449.16',  applicable_service_tax='0',  supplier_rate='40.7',  uid='3c7c6ef6b92e21f7b372f227970b4525'  where id='596';
[05/07/2024 12:20:21], [file name :-/home/otrams/public_html/beta/confirm_booking.php],update bookings_details set touricoRoomResId ='', gta_item_confirm_ref='' , special_request='' where booking_id ='596';
[05/07/2024 12:20:21], [file name :-/home/otrams/public_html/beta/confirm_booking.php], INSERT INTO booking_special_request set booking_id = '596' , sr_id = '1' ;
[05/07/2024 12:20:21], [file name :-/home/otrams/public_html/beta/confirm_booking.php],insert into booking_lat_long(booking_id,latitude,longitude) values ('596','25.219755','55.323653');
[05/07/2024 12:20:21], [file name :-/home/otrams/public_html/beta/confirm_booking.php],insert into `user_logs` set `username`= 'being_gajju',`create_date`= '2024-05-07 12:20:21',`log_type`= 'Loyalty Tier Accumulated Points',`sql_query`= 'select id,current_status,display_currency_code,agent_rate,sub_agent_rate,display_room_rate,wh_agent_rate,wh_sub_agent_rate  from bookings where id=\&#039;596\&#039;',`log_description`= 'Loyalty Accumulated Points :0 Added For Booking ID -596 And Booking Status - confirmed',`ip`= '43.239.53.130';
[05/07/2024 12:20:21], [file name :-/home/otrams/public_html/beta/confirm_booking.php],insert into user_log_link Set `user_logs_id`='3334', `entity`='BookingId', `value`='596' ;
[05/07/2024 12:20:21], [file name :-/home/otrams/public_html/beta/confirm_booking.php],update bookings set invoice_number= 'INV07052400006', voucher_id='423',status_date='2024-05-07 12:20:21',current_status='vouchered',voucher_hashcode='193f31674976b5b7520708e1867f033665733596',vouchered_by ='' where id='596';
[05/07/2024 12:20:21], [file name :-/home/otrams/public_html/beta/confirm_booking.php],update bookings set is_invoiced='yes',invoice_number= 'INV07052400006' where id='596' and is_invoiced!='yes';
[05/07/2024 12:20:21], [file name :-/home/otrams/public_html/beta/confirm_booking.php],UPDATE agents SET credit_usage=credit_usage+('2449.16'),   credit_value= credit_value-('2449.16') ,  cd_credit_usage=cd_credit_usage+('2449.16') , cd_credit_value=cd_credit_value-('2449.16')  WHERE id = '7864';
[05/07/2024 12:20:21], [file name :-/home/otrams/public_html/beta/confirm_booking.php],insert into  agent_credit_log SET agent_id= '7864',credit_value= '1990203.370',credit_usage= '9796.630',credit_limit= '2000000.000',receipt_id= '',amount= '2449.16',booking_id='596',booking_cost= '2449.16',receipt_allocation= '',balance= '2449.16',ip='43.239.53.130',user_type='User',admin_id='Agent - Gajendra singh Rajpurohit(CD7864)',temp_credit_limit='',log_type='Add Invoice',note='Add Invoice',create_date='2024-05-07 12:05:21';
[05/07/2024 12:20:21], [file name :-/home/otrams/public_html/beta/confirm_booking.php], insert into booking_rate_info set  booking_id = '596', booking_log = 'Booking Vouchered', create_date = '2024-05-07 12:20:21', supplier_currency ='USD', type = 'Sale', agent_price = '2449.16', sub_agent_price ='', supplier_price = '40.700', supplier_id = 'expediapackage', supplier_type = 'online';
[05/07/2024 12:20:24], [file name :-/home/otrams/public_html/beta/confirm_booking.php],INSERT INTO booking_status (visa_id,visa_status,booking_id,status,create_date,memo,agent_id,ip_address,admin,modify_by,crons) VALUES
		('','','596','vouchered-invoiced','2024-05-07 12:20:24','Booking invoiced by Back Office v3alpha on behalf of Agent - Gajendra singh Rajpurohit(CD7864)','7864','43.239.53.130','','','');
[05/07/2024 12:20:24], [file name :-/home/otrams/public_html/beta/confirm_booking.php],INSERT INTO agent_commission SET booking_id ='596',booking_detail_id ='596',agent_id ='7864',is_sub_agent ='N',parent_id ='',display_commission ='0',display_currency ='INR',paid ='N',type ='hotel',description ='Agent Mark Up Percentage is 0 %',create_date ='2024-05-07 12:20:24';
[05/07/2024 12:20:24], [file name :-/home/otrams/public_html/beta/confirm_booking.php],INSERT INTO booking_status (visa_id,visa_status,booking_id,status,create_date,memo,agent_id,ip_address,admin,modify_by,crons) VALUES
		('','','596','vouchered','2024-05-07 12:20:24','Voucherd by Back Office v3alpha on behalf of Agent - Gajendra singh Rajpurohit(CD7864)','7864','43.239.53.130','','','');
[05/07/2024 12:20:27], [file name :-/home/otrams/public_html/beta/confirm_booking.php],insert into temp(booking_id,mail_send_to)values('596','gajju@travelbuggy.com');
[05/07/2024 12:20:27], [file name :-/home/otrams/public_html/beta/confirm_booking.php],insert into temp(booking_id,mail_send_to)values('596','Sujay.raut@qtechsoftware.com');
[05/07/2024 12:20:27], [file name :-/home/otrams/public_html/beta/confirm_booking.php],insert into temp(booking_id,mail_send_to)values('596','gajendra.rajpurohit_test@qtechsoftware.com');
[05/07/2024 12:20:29], [file name :-/home/otrams/public_html/beta/confirm_booking.php],insert into temp(booking_id,mail_send_to)values('596','sujay.raut@qtechsoftware.com');
[05/07/2024 12:20:29], [file name :-/home/otrams/public_html/beta/confirm_booking.php],INSERT INTO booking_status (reservation_id,booking_id,status,create_date,memo,agent_id,ip_address,admin,modify_by) VALUES ('4433','596','confirmed','2024-05-07 12:20:21','Booking confirmed. Booked by Back Office v3alpha on behalf of Agent - Gajendra singh Rajpurohit(CD7864)','7864','43.239.53.130','0','7864');
[05/07/2024 12:20:29], [file name :-/home/otrams/public_html/beta/confirm_booking.php],INSERT INTO booking_cancellation_policy(booking_id,from_date,supplier_from_date,to_date,supplier_to_date,supplier_charge,agent_charge,lead_time,create_date,applied_agent_charges)  VALUES('596','2024-05-06 21:30:00','2024-05-06 21:30:00','2024-05-08 00:00:00','2024-05-08 00:00:00','40.7','2449.16','0','2024-05-07 12:20:29','2449.16');
[05/07/2024 12:20:29], [file name :-/home/otrams/public_html/beta/confirm_booking.php],update posted_bookings set booking_id='596',status='1' where reservation_id='4433' and booking_id ='0';
[05/07/2024 12:20:29], [file name :-/home/otrams/public_html/beta/confirm_booking.php],update xmllogs set reservation_id='596' where agent_logs_id='1599' and source_type='expediapackage';
[05/07/2024 12:20:29], [file name :-/home/otrams/public_html/beta/confirm_booking.php],INSERT INTO booking_commission set agent_commission='',  supplier_commission='3.41',  commission_tax='',  booking_id ='596',  supplier_tax='4.52',  supplier_base_fare='36.18',  supplier_commissionable_fare='3.41'able_fare,  retension='100',  commission_percent='0',  create_date ='2024-05-07 12:20:29';
[05/07/2024 12:48:36], [file name :-/home/otrams/public_html/beta/index.php],INSERT INTO psa_login_log  SET username = '', user_type = 'A', branch_id = '12', login_datetime = '2024-05-07 12:48:36', ip = '92.118.39.244', action = 'Login' ;
